git of 2313?
1
What is the hundreds digit of 38069?
0
What is the units digit of 862?
2
What is the thousands digit of 19971?
9
What is the units digit of 5571?
1
What is the thousands digit of 67208?
7
What is the thousands digit of 3441?
3
What is the thousands digit of 9481?
9
What is the ten thousands digit of 18893?
1
What is the tens digit of 30606?
0
What is the tens digit of 401?
0
What is the thousands digit of 9108?
9
What is the hundreds digit of 54919?
9
What is the ten thousands digit of 56747?
5
What is the tens digit of 5723?
2
What is the hundreds digit of 14854?
8
What is the hundreds digit of 116539?
5
What is the thousands digit of 26210?
6
What is the units digit of 8741?
1
What is the units digit of 440?
0
What is the tens digit of 467?
6
What is the tens digit of 5140?
4
What is the hundreds digit of 7752?
7
What is the tens digit of 52316?
1
What is the tens digit of 1512?
1
What is the units digit of 34586?
6
What is the hundreds digit of 167?
1
What is the tens digit of 3013?
1
What is the tens digit of 14571?
7
What is the tens digit of 3990?
9
What is the thousands digit of 1460?
1
What is the tens digit of 6879?
7
What is the ten thousands digit of 11623?
1
What is the thousands digit of 1468?
1
What is the units digit of 5384?
4
What is the hundreds digit of 7207?
2
What is the hundreds digit of 2594?
5
What is the units digit of 1205?
5
What is the units digit of 629?
9
What is the tens digit of 24519?
1
What is the tens digit of 443?
4
What is the thousands digit of 75464?
5
What is the tens digit of 2572?
7
What is the units digit of 1063?
3
What is the tens digit of 2529?
2
What is the thousands digit of 91555?
1
What is the units digit of 4235?
5
What is the units digit of 5745?
5
What is the tens digit of 15158?
5
What is the units digit of 24626?
6
What is the hundreds digit of 1877?
8
What is the ten thousands digit of 19026?
1
What is the hundreds digit of 339?
3
What is the tens digit of 1095?
9
What is the ten thousands digit of 16681?
1
What is the hundreds digit of 2908?
9
What is the hundreds digit of 3536?
5
What is the tens digit of 1985?
8
What is the tens digit of 47753?
5
What is the tens digit of 393?
9
What is the thousands digit of 5856?
5
What is the hundreds digit of 1252?
2
What is the tens digit of 1063?
6
What is the units digit of 378?
8
What is the hundreds digit of 8747?
7
What is the hundreds digit of 1299?
2
What is the ten thousands digit of 79004?
7
What is the hundreds digit of 6233?
2
What is the hundreds digit of 558?
5
What is the hundreds digit of 18526?
5
What is the thousands digit of 8500?
8
What is the thousands digit of 1286?
1
What is the thousands digit of 9504?
9
What is the hundreds digit of 6902?
9
What is the hundreds digit of 997?
9
What is the ten thousands digit of 14458?
1
What is the units digit of 7958?
8
What is the hundreds digit of 1575?
5
What is the tens digit of 6840?
4
What is the units digit of 97?
7
What is the units digit of 1818?
8
What is the tens digit of 38114?
1
What is the tens digit of 1828?
2
What is the tens digit of 36?
3
What is the units digit of 70895?
5
What is the hundred thousands digit of 109589?
1
What is the units digit of 666?
6
What is the thousands digit of 1108?
1
What is the tens digit of 52231?
3
What is the tens digit of 5869?
6
What is the hundreds digit of 18081?
0
What is the units digit of 2502?
2
What is the ten thousands digit of 12811?
1
What is the units digit of 60?
0
What is the tens digit of 38205?
0
What is the thousands digit of 101975?
1
What is the units digit of 189?
9
What is the units digit of 23384?
4
What is the thousands digit of 127170?
7
What is the ten thousands digit of 14580?
1
What is the hundreds digit of 31460?
4
What is the hundreds digit of 609?
6
What is the units digit of 10506?
6
What is the thousands digit of 9465?
9
What is the ten thousands digit of 33917?
3
What is the hundreds digit of 5269?
2
What is the tens digit of 1071?
7
What is the units digit of 865?
5
What is the tens digit of 1105?
0
What is the hundreds digit of 2802?
8
What is the hundreds digit of 49203?
2
What is the units digit of 11335?
5
What is the units digit of 2321?
1
What is the ten thousands digit of 93058?
9
What is the hundreds digit of 141304?
3
What is the tens digit of 2503?
0
What is the ten thousands digit of 45095?
4
What is the hundreds digit of 8617?
6
What is the units digit of 161?
1
What is the thousands digit of 5122?
5
What is the units digit of 5482?
2
What is the tens digit of 954?
5
What is the units digit of 26?
6
What is the units digit of 92452?
2
What is the hundreds digit of 606?
6
What is the tens digit of 9475?
7
What is the hundreds digit of 992?
9
What is the thousands digit of 1557?
1
What is the tens digit of 1152?
5
What is the units digit of 34743?
3
What is the units digit of 131?
1
What is the tens digit of 445?
4
What is the units digit of 779?
9
What is the units digit of 1080?
0
What is the tens digit of 7030?
3
What is the ten thousands digit of 26602?
2
What is the tens digit of 32741?
4
What is the hundreds digit of 996?
9
What is the thousands digit of 2908?
2
What is the units digit of 1523?
3
What is the hundreds digit of 994?
9
What is the tens digit of 2979?
7
What is the units digit of 1191?
1
What is the units digit of 720?
0
What is the tens digit of 2897?
9
What is the tens digit of 1333?
3
What is the hundreds digit of 1259?
2
What is the units digit of 14886?
6
What is the units digit of 1348?
8
What is the units digit of 1789?
9
What is the units digit of 572?
2
What is the hundreds digit of 39241?
2
What is the tens digit of 1839?
3
What is the tens digit of 14499?
9
What is the units digit of 695?
5
What is the tens digit of 8436?
3
What is the units digit of 570?
0
What is the hundreds digit of 1964?
9
What is the hundreds digit of 32917?
9
What is the thousands digit of 1520?
1
What is the units digit of 1469?
9
What is the hundreds digit of 5835?
8
What is the units digit of 802?
2
What is the tens digit of 16446?
4
What is the thousands digit of 1655?
1
What is the hundreds digit of 15638?
6
What is the ten thousands digit of 49399?
4
What is the hundreds digit of 4347?
3
What is the thousands digit of 6166?
6
What is the thousands digit of 120604?
0
What is the units digit of 57?
7
What is the hundreds digit of 3393?
3
What is the tens digit of 629?
2
What is the units digit of 11734?
4
What is the tens digit of 944?
4
What is the tens digit of 236?
3
What is the ten thousands digit of 11147?
1
What is the tens digit of 53?
5
What is the hundreds digit of 822?
8
What is the tens digit of 2267?
6
What is the tens digit of 6417?
1
What is the hundreds digit of 150086?
0
What is the tens digit of 78329?
2
What is the units digit of 36415?
5
What is the ten thousands digit of 71230?
7
What is the hundred thousands digit of 100680?
1
What is the ten thousands digit of 11910?
1
What is the units digit of 6943?
3
What is the thousands digit of 57186?
7
What is the hundreds digit of 1225?
2
What is the hundreds digit of 3085?
0
What is the tens digit of 9203?
0
What is the tens digit of 60?
6
What is the units digit of 28558?
8
What is the ten thousands digit of 113548?
1
What is the hundreds digit of 2495?
4
What is the tens digit of 50375?
7
What is the tens digit of 357?
5
What is the hundreds digit of 23450?
4
What is the hundreds digit of 805?
8
What is the tens digit of 66?
6
What is the thousands digit of 7368?
7
What is the hundreds digit of 6785?
7
What is the units digit of 22884?
4
What is the hundreds digit of 947?
9
What is the hundred thousands digit of 173387?
1
What is the hundreds digit of 4724?
7
What is the thousands digit of 3470?
3
What is the thousands digit of 2510?
2
What is the hundreds digit of 1163?
1
What is the thousands digit of 3669?
3
What is the tens digit of 4111?
1
What is the hundreds digit of 65531?
5
What is the ten thousands digit of 20450?
2
What is the tens digit of 934?
3
What is the tens digit of 24632?
3
What is the ten thousands digit of 56888?
5
What is the thousands digit of 28455?
8
What is the hundreds digit of 41774?
7
What is the units digit of 20846?
6
What is the tens digit of 3384?
8
What is the hundreds di